{"id":1870,"date":"2019-04-09T10:37:15","date_gmt":"2019-04-09T08:37:15","guid":{"rendered":"http:\/\/www.wfdb.eu\/?page_id=1870"},"modified":"2022-02-16T15:47:38","modified_gmt":"2022-02-16T14:47:38","slug":"deafblindness-in-the-world","status":"publish","type":"page","link":"https:\/\/wfdb.eu\/deafblindness-in-the-world\/","title":{"rendered":"Sordoceguera en el Mundo"},"content":{"rendered":"<p style=\"text-align: center;\"><strong>En Riesgo de Exclusi\u00f3n de la Implementaci\u00f3n<\/strong><br \/><strong>de la CDPD y de los Ods:<\/strong><br \/><strong>Desigualdad y Personas con Sordoceguera<\/strong><\/p>\n<p style=\"text-align: center;\">Septiembre 2018<\/p>\n<p>Representando entre el 0,2% y el 2% de la poblaci\u00f3n, las personas con sordoceguera constituyen un grupo muy diverso e invisibilizado y son, por lo general, m\u00e1s propensas a ser pobres, desempleadas y con bajos resultados educativos. A causa de la falta de conocimiento e incomprensi\u00f3n sobre la sordoceguera, las personas deben luchar para obtener el apoyo\u00a0 adecuado y frecuentemente son excluidas tanto de programas de desarrollo como de discapacidad. Este informe inicial de la situaci\u00f3n de las personas con sordoceguera busca dar comienzo a un di\u00e1logo entre las partes interesadas a nivel internacional en materia tanto de derechos de discapacidad como de desarrollo, y est\u00e1 basado en las investigaciones llevadas a cabo por la Federaci\u00f3n Mundial de Sordociegos (WFDB), combinando el mayor an\u00e1lisis basado en poblaci\u00f3n sobre personas con sordoceguera realizado hasta la fecha (desglose de 22 encuestas basadas en la poblaci\u00f3n de pa\u00edses de ingresos altos, medios y bajos), revisi\u00f3n bibliogr\u00e1fica, y dos encuestas realizadas a miembros y asociados de WFDB y Sense<br \/>Internacional. Mujeres y hombres con sordoceguera de todo el mundo participaron en la Conferencia Mundial Helen Keller en junio de 2018 y fueron consultados para confirmar los resultados y desarrollar en detalle las recomendaciones de este informe.<\/p>\n<p><a href=\"https:\/\/www.wfdb.eu\/wp-content\/uploads\/2019\/06\/wfdb_complete_spanish.pdf\">Informe global WFDB 2018 (PDF)<\/a><\/p>\n","protected":false},"excerpt":{"rendered":"<p>En Riesgo de Exclusi\u00f3n de la Implementaci\u00f3nde la CDPD y de los Ods:Desigualdad y Personas con Sordoceguera Septiembre 2018 Representando entre el 0,2% y el 2% de la poblaci\u00f3n, las personas con sordoceguera constituyen un grupo muy diverso e invisibilizado y son, por lo general, m\u00e1s propensas a ser pobres, desempleadas y con bajos resultados [&hellip;]<\/p>\n","protected":false},"author":3,"featured_media":0,"parent":0,"menu_order":0,"comment_status":"closed","ping_status":"closed","template":"","meta":{"footnotes":""},"categories":[65],"tags":[],"class_list":["post-1870","page","type-page","status-publish","hentry","category-old"],"jetpack_sharing_enabled":true,"_links":{"self":[{"href":"https:\/\/wfdb.eu\/wp-json\/wp\/v2\/pages\/1870","targetHints":{"allow":["GET"]}}],"collection":[{"href":"https:\/\/wfdb.eu\/wp-json\/wp\/v2\/pages"}],"about":[{"href":"https:\/\/wfdb.eu\/wp-json\/wp\/v2\/types\/page"}],"author":[{"embeddable":true,"href":"https:\/\/wfdb.eu\/wp-json\/wp\/v2\/users\/3"}],"replies":[{"embeddable":true,"href":"https:\/\/wfdb.eu\/wp-json\/wp\/v2\/comments?post=1870"}],"version-history":[{"count":2,"href":"https:\/\/wfdb.eu\/wp-json\/wp\/v2\/pages\/1870\/revisions"}],"predecessor-version":[{"id":4272,"href":"https:\/\/wfdb.eu\/wp-json\/wp\/v2\/pages\/1870\/revisions\/4272"}],"wp:attachment":[{"href":"https:\/\/wfdb.eu\/wp-json\/wp\/v2\/media?parent=1870"}],"wp:term":[{"taxonomy":"category","embeddable":true,"href":"https:\/\/wfdb.eu\/wp-json\/wp\/v2\/categories?post=1870"},{"taxonomy":"post_tag","embeddable":true,"href":"https:\/\/wfdb.eu\/wp-json\/wp\/v2\/tags?post=1870"}],"curies":[{"name":"wp","href":"https:\/\/api.w.org\/{rel}","templated":true}]}}

<p style="text-align: center;"><strong>En Riesgo de Exclusión de la Implementación</strong><br /><strong>de la CDPD y de los Ods:</strong><br /><strong>Desigualdad y Personas con Sordoceguera</strong></p>
<p style="text-align: center;">Septiembre 2018</p>
<p>Representando entre el 0,2% y el 2% de la población, las personas con sordoceguera constituyen un grupo muy diverso e invisibilizado y son, por lo general, más propensas a ser pobres, desempleadas y con bajos resultados educativos. A causa de la falta de conocimiento e incomprensión sobre la sordoceguera, las personas deben luchar para obtener el apoyo  adecuado y frecuentemente son excluidas tanto de programas de desarrollo como de discapacidad. Este informe inicial de la situación de las personas con sordoceguera busca dar comienzo a un diálogo entre las partes interesadas a nivel internacional en materia tanto de derechos de discapacidad como de desarrollo, y está basado en las investigaciones llevadas a cabo por la Federación Mundial de Sordociegos (WFDB), combinando el mayor análisis basado en población sobre personas con sordoceguera realizado hasta la fecha (desglose de 22 encuestas basadas en la población de países de ingresos altos, medios y bajos), revisión bibliográfica, y dos encuestas realizadas a miembros y asociados de WFDB y Sense<br />Internacional. Mujeres y hombres con sordoceguera de todo el mundo participaron en la Conferencia Mundial Helen Keller en junio de 2018 y fueron consultados para confirmar los resultados y desarrollar en detalle las recomendaciones de este informe.</p>
<p><a href="https://www.wfdb.eu/wp-content/uploads/2019/06/wfdb_complete_spanish.pdf">Informe global WFDB 2018 (PDF)</a></p>

<p>En Riesgo de Exclusión de la Implementaciónde la CDPD y de los Ods:Desigualdad y Personas con Sordoceguera Septiembre 2018 Representando entre el 0,2% y el 2% de la población, las personas con sordoceguera constituyen un grupo muy diverso e invisibilizado y son, por lo general, más propensas a ser pobres, desempleadas y con bajos resultados [&hellip;]</p>
